?
True
Is 25 a factor of 178854?
False
Is 102748965 a multiple of 15?
True
Is 82110538 a multiple of 152?
False
Does 318 divide 199819593?
False
Is 16864948 a multiple of 81?
False
Is 68222478 a multiple of 3188?
False
Is 6 a factor of 570288?
True
Does 205 divide 1820149900?
True
Does 574 divide 714657552?
True
Does 677 divide 242379968?
False
Does 751 divide 18087084?
True
Is 59640490 a multiple of 70?
True
Does 148 divide 245389945?
False
Does 3853 divide 1408918804?
True
Is 122797678 a multiple of 21?
False
Is 29 a factor of 103750291?
False
Does 6 divide 100615500?
True
Does 11 divide 699869370?
False
Is 216 a factor of 6554460?
False
Is 194400375 a multiple of 975?
True
Is 183877280 a multiple of 14?
False
Is 4543865 a multiple of 85?
False
Is 746 a factor of 772188330?
True
Is 96360996 a multiple of 4772?
True
Is 32 a factor of 3472147527?
False
Is 1314862650 a multiple of 8955?
True
Does 36 divide 287669952?
True
Is 167 a factor of 40315303?
True
Does 36 divide 79994688?
False
Is 30 a factor of 51266313?
False
Is 927480355 a multiple of 523?
True
Is 1628760106 a multiple of 34?
True
Is 69 a factor of 237727839?
True
Does 30 divide 62244908?
False
Is 61423752 a multiple of 12?
True
Is 384 a factor of 3485682279?
False
Is 660878096 a multiple of 8?
True
Does 25 divide 82544388?
False
Is 31 a factor of 372270692?
True
Is 2044 a factor of 21267418?
False
Is 5020 a factor of 258476234?
False
Is 31603179 even?
False
Is 4465201608 a multiple of 11014?
False
Is 6638905 a multiple of 886?
False
Is 138501036 a multiple of 95?
False
Is 2259856610 a multiple of 7418?
True
Does 96 divide 65613408?
True
Is 778506871 a multiple of 307?
True
Does 635 divide 10590519?
False
Is 670 a factor of 35932100?
True
Does 3134 divide 80167720?
True
Does 11 divide 100787753?
True
Is 77631776 a multiple of 3644?
True
Is 178235865 a multiple of 45?
True
Is 38930885 a multiple of 22?
False
Does 692 divide 70326576?
True
Does 2489 divide 37633680?
True
Is 301985741 a multiple of 43?
False
Is 32414708 a multiple of 38?
False
Is 19 a factor of 4002616?
True
Is 111 a factor of 159829122?
True
Is 351354688 a multiple of 40?
False
Is 9340284 a multiple of 12?
True
Is 910 a factor of 456925560?
True
Is 82726846 a multiple of 85?
False
Does 4 divide 11723992?
True
Is 30946917 a multiple of 722?
False
Is 65178495 a multiple of 14?
False
Is 442466373 a multiple of 1351?
False
Does 508 divide 320780156?
True
Is 829562355 a multiple of 1765?
True
Is 62030105 a multiple of 3?
False
Is 67700037 a multiple of 16?
False
Is 595213092 a multiple of 3092?
True
Is 184544346 a multiple of 16?
False
Is 621 a factor of 4289510?
False
Does 41 divide 696295292?
True
Does 397 divide 90216662?
True
Does 42 divide 53334708?
True
Is 300787358 a multiple of 14?
False
Does 49 divide 40238040?
False
Is 597 a factor of 102451655?
False
Does 93 divide 1052196985?
False
Is 151 a factor of 687461101?
False
Is 78 a factor of 13597602?
False
Is 8464 a factor of 3240645536?
True
Does 76 divide 220819386?
False
Is 36157376 a multiple of 32?
True
Is 1395087886 a multiple of 3?
False
Is 1500640282 a multiple of 914?
False
Is 604 a factor of 2911716088?
True
Does 1576 divide 92835878?
False
Is 86 a factor of 771463258?
True
Is 101 a factor of 213155147?
True
Does 1347 divide 83764542?
True
Does 283 divide 3339966?
True
Is 914619835 a multiple of 176?
False
Is 155 a factor of 15611135?
True
Is 57876120 a multiple of 108?
True
Does 227 divide 156446?
False
Is 1237490451 a multiple of 2258?
False
Does 19 divide 48883808?
True
Does 10 divide 12883590?
True
Does 13 divide 6808529?
True
Is 399663215 a multiple of 3815?
True
Is 19976029 a multiple of 129?
False
Is 6721 a factor of 630120634?
True
Is 810878998 a multiple of 54?
False
Is 2123 a factor of 147926394?
True
Is 9 a factor of 203144793?
False
Is 257311377 a multiple of 93?
True
Does 1423 divide 1680107640?
True
Is 15773013 a multiple of 813?
True
Is 116652420 a multiple of 45?
True
Does 60 divide 32757636?
False
Does 13 divide 111802938?
True
Is 1243714582 a multiple of 12?
False
Does 14 divide 670314946?
True
Is 612316576 a multiple of 4?
True
Is 31345612 a multiple of 139?
True
Does 1272 divide 11711070?
False
Does 66 divide 2535522?
True
Is 771 a factor of 16792380?
True
Is 2064 a factor of 14449977?
False
Is 363025938 a multiple of 649?
True
Does 20 divide 71956768?
False
Is 452025756 a multiple of 182?
True
Does 14 divide 75873532?
True
Is 1455 a factor of 194380725?
True
Is 429496500 a multiple of 1700?
True
Is 27245050 a multiple of 14?
True
Is 56921859 a multiple of 31?
True
Is 4175264 a multiple of 16?
True
Is 281133726 a multiple of 6?
True
Does 3319 divide 65523698?
True
Is 14629149 a multiple of 559?
False
Is 2392734 a multiple of 52?
False
Is 121 a factor of 227183187?
True
Is 6 a factor of 47388846?
True
Does 40 divide 54747224?
False
Does 362 divide 100130286?
True
Does 26 divide 221234?
True
Is 3481 a factor of 75658607?
False
Is 695 a factor of 12081880?
True
Is 35 a factor of 405330400?
False
Is 10 a factor of 58157350?
True
Does 3293 divide 110510526?
False
Does 875 divide 74902625?
True
Is 2303524656 a multiple of 1751?
False
Is 486035 a multiple of 5?
True
Does 171 divide 4493538?
True
Is 36 a factor of 9119638?
False
Is 27274000 a multiple of 2000?
True
Is 207067250 a multiple of 9?
False
Is 338 a factor of 10297767?
False
Is 4 a factor of 55560?
True
Is 17164937 a multiple of 4?
False
Is 405504556 a multiple of 74?
False
Is 69953282 a multiple of 49?
True
Is 358466297 a multiple of 3?
False
Does 1100 divide 266333185?
False
Is 64 a factor of 11390758?
False
Does 1414 divide 38787046?
False
Does 89 divide 23043168?
True
Does 4 divide 7647204?
True
Is 195 a factor of 977522?
False
Is 16 a factor of 11360?
True
Does 66 divide 245823996?
True
Is 56594054 a multiple of 55?
False
Is 670 a factor of 193072372?
False
Is 534469500 a multiple of 28?
False
Does 3 divide 745658421?
True
Is 139355846 a multiple of 763?
True
Does 462 divide 203726292?
True
Is 547 a factor of 2450411870?
False
Is 191 a factor of 1735595?
False
Is 1894 a factor of 88176018?
False
Is 69092228 a multiple of 1151?
True
Is 330 a factor of 16616490?
True
Is 758828784 a multiple of 36?
False
Is 28119910 a multiple of 65?
True
Does 8 divide 22530264?
True
Does 24 divide 379681895?
False
Does 12 divide 20085734?
False
Is 2407652326 a multiple of 9?
False
Is 14579781 a multiple of 169?
False
Is 62115535 a multiple of 1115?
True
Is 14512295 a multiple of 1099?
True
Is 2756383 a multiple of 726?
False
Is 50 a factor of 67891784?
False
Does 17 divide 364379252?
False
Does 139 divide 102259659?
True
Does 6 divide 855978714?
True
Is 442385444 a multiple of 31?
False
Does 79 divide 400471856?
True
Does 1891 divide 267914989?
True
Is 212645610 a multiple of 196?
False
Is 17280960 a multiple of 7660?
True
Does 20 divide 50583920?
True
Is 121239382 a multiple of 22?
True
Is 55734250 a multiple of 550?
True
Is 143 a factor of 13669602?
False
Is 8944148 a multiple of 46?
True
Is 870132397 a multiple of 659?
True
Is 31317595 a multiple of 1459?
False
Does 631 divide 115004167?
True
Is 14 a factor of 1203258056?
True
Does 66 divide 20689944?
True
Does 215 divide 3168025?
True
Is 1109285246 a multiple of 27?
False
Is 136578414 a multiple of 42?
True
Is 243 a factor of 368849614?
False
Is 218894454 a multiple of 327?
True
Is 45839248 a multiple of 14?
True
Is 3042 a factor of 183962?
False
Does 161 divide 225795255?
True
Does 30 divide 3453014?
False
Does 790 divide 24444970?
True
Is 158413689 a multiple of 87?
True
Does 32 divide 123947424?
True
Does 14 divide 4983076?
True
Is 3728 a factor of 392405552?
True
Does 9 divide 90313559?
False
Is 11 a factor of 371064182?
False
Does 39 divide 86624294?
False
Does 18 divide 161342423?
False
Is 293817760 a multiple of 35?
False
Is 1044576624 a multiple of 4628?
True
Is 381443666 a multiple of 71?
True
Is 16178954 a multiple of 979?
True
Does 33 divide 419259324?
True
Is 82746006 a multiple of 7?
True
Is 609 a factor of 3083976?
True
Does 15 divide 3522569083?
False
Is 2822 a factor of 149718388?
True
Is 129820 a multiple of 107?
False
Is 7555480 a multiple of 41?
True
Is 12 a factor of 233639975?
False
Is 1089506075 a multiple of 175?
True
